be (-2 - (-24)/9)*45. Let w be (-2)/9 + (-238)/(-18). Suppose 4*k + w = 53. What is the highest common factor of i and k?
10
Let h = -296 - -416. What is the greatest common factor of 15 and h?
15
Suppose 0 = 22*w - 5*w - 1088. Calculate the greatest common factor of 72 and w.
8
Suppose -3*i - 2 = -5*i. Let d be 4/3*(-42)/28. Let r(z) = -z**3 + 3*z + 2. Let q be r(d). What is the highest common factor of i and q?
1
Suppose 11*h - 51*h = -560. What is the highest common divisor of h and 434?
14
Suppose -4*d = -46 + 142. Let w = d + 28. Suppose -w*l + l = -186. What is the greatest common divisor of l and 31?
31
Let r(p) = 3*p**2 + 151*p + 268. Let k be r(-49). Suppose 2*c - 4*w = 32 - 10, 5*c = -w + 44. What is the highest common factor of k and c?
9
Let m be (2 - 0)*3/(-2). Let q(f) = 7*f + 97. Let l be q(-15). Let w be 34/(m - l - 3). Calculate the highest common factor of w and 68.
17
Suppose -5*g + 74 + 116 = 0. Suppose -2*u - 188 = -2*a, -4*u = 3*a - 170 - 119. Calculate the greatest common divisor of g and a.
19
Let f = -87 - -135. Suppose 14*x - 17*x = -f. What is the highest common factor of 48 and x?
16
Let g(f) = -16*f**2 + 84*f - 8. Let u be g(5). Calculate the highest common factor of 22 and u.
2
Suppose 0 = 12*j - 6*j - 12. What is the greatest common divisor of j and 5?
1
Let r = -20 - -37. Calculate the greatest common divisor of r and 289.
17
Suppose 6*x - 650 - 394 = 0. Calculate the highest common divisor of x and 232.
58
Suppose -59 = -4*c + 21. Suppose 0 = -u + 5*u. Suppose -r - r + c = u. Calculate the highest common divisor of 20 and r.
10
Let t be 1 + (1 - (-4 + 4)). Let k be (-33)/(-6) + (-1)/t. Suppose k*o - 117 = -22. Calculate the greatest common divisor of 19 and o.
19
Suppose 20 = -4*l + 8, 273 = 2*c - l. Calculate the greatest common divisor of c and 5.
5
Let f(t) = 17*t + 150. Let w be f(-7). What is the highest common factor of w and 1?
1
Suppose -7 = -3*t - 4, 4*t = -3*w + 4. Suppose w = m - 4*s - 40, -s + 160 = 3*m - 3*s. Calculate the highest common factor of 8 and m.
8
Suppose -4*z - 65 = -2*g + 17, 4*z = 4*g - 148. Calculate the greatest common divisor of 132 and g.
33
Suppose 0 = 5*g - 0*g - 25. Let x = 61 - 34. Suppose 8 = -x*t + 31*t. Calculate the highest common factor of t and g.
1
Suppose -6*k = -28 + 130. Let i = 34 - k. Calculate the highest common factor of 17 and i.
17
Let o = 22 - 12. Suppose d + s = 4*d - 8, -4*d + s = -o. Suppose -d*i + 4*t = -22, t = 2*i - 26 - 11. Calculate the highest common factor of 231 and i.
21
Let q = -5 + 3. Let n be (-84)/(-2*q/(-4)). Suppose 11*l - 6*l - 60 = -4*b, 3*l + b - 36 = 0. Calculate the greatest common divisor of l and n.
12
Let r(q) = 4*q**2 - 15*q - 64. Let m be r(-4). What is the highest common factor of m and 40?
20
Suppose -7*c - 143 + 283 = 0. What is the greatest common factor of 380 and c?
20
Let w(q) = -133*q - 99. Let p be w(-7). Calculate the highest common divisor of p and 64.
64
Let o be (-2 - -6) + (-1316)/(-14). What is the greatest common divisor of 70 and o?
14
Let n(f) = f**2 - 3*f + 5. Let l be n(3). Suppose 4*w = -4*b + 456, -l*w + 5*b + 392 + 138 = 0. Calculate the highest common factor of 22 and w.
22
Suppose -5*d + 698 = -2452. Suppose s - 5*t - d = 0, -4*s + 2520 = -0*s + 3*t. Suppose -5*z + s = -305. Calculate the highest common factor of z and 17.
17
Suppose o - 65 = -0*o - 5*f, -5*o + f + 273 = 0. Let v = o - 42. What is the highest common divisor of v and 91?
13
Suppose -7*s - 2*z - 717 = -2*s, 0 = -3*s + 2*z - 427. Let f = -83 - s. What is the highest common factor of 15 and f?
15
Suppose 4 = 18*j - 16*j, -330 = -3*o - 3*j. Calculate the highest common divisor of o and 81.
27
Let z be 17 + -23 + (-186)/(-3). What is the greatest common factor of z and 32?
8
Suppose 106 = -2*z + 28. Let x = z + 108. Suppose 4*n - 123 = 61. What is the highest common factor of x and n?
23
Let u be (78/15 + -6)*30*1. Let l(d) = d**3 + 24*d**2 - d - 2. Let k be l(u). What is the greatest common divisor of 44 and k?
22
Let g = -455 - -466. Calculate the greatest common factor of g and 473.
11
Let m = 15 + -3. Calculate the greatest common divisor of 12 and m.
12
Let m be 2/(-4)*(1 - -3) - -102. Let i = m + 8. Calculate the greatest common divisor of i and 12.
12
Suppose 5*p - 556 = -56. Suppose -8*i + p = -3*i. Calculate the highest common factor of i and 5.
5
Let g(j) = -j**3 + 11*j**2 + 13*j - 9. Let x be g(12). Suppose -4*o - u = -x*u + 6, -o = -5*u + 24. Calculate the highest common factor of o and 9.
1
Let v be 2 + -2 + (36 - 0/(-6)). Suppose 0 = 4*h + h - 270. Calculate the highest common divisor of v and h.
18
Let t = -63 + 68. Let d be (12/t)/(40/500). What is the greatest common factor of 20 and d?
10
Suppose -j + 4*n + 14 = 0, 5*n = -5*j + 59 + 111. Calculate the greatest common divisor of 27 and j.
3
Let z be 48*(-3 - -2)/(-1). Suppose -9*u = -5*u + z. Let r = u - -32. What is the greatest common factor of r and 8?
4
Let m be -9 - 13 - (1 + -5). Let w = 158 + m. Calculate the greatest common divisor of w and 20.
20
Let u(j) = -2*j - 4. Let a be u(-17). Let x be 10/a + 645/9. Calculate the highest common divisor of 8 and x.
8
Suppose -4*h + 332 = 3*c, -5*c + 530 = 4*h - 2*h. Calculate the greatest common factor of 8 and c.
8
Suppose 0 = 5*k + 5*j - 60, 3*k + j + 15 = 5*k. Calculate the highest common divisor of k and 3.
3
Suppose 86 = -t + 2*t. Calculate the greatest common factor of 215 and t.
43
Suppose 0 = 3*s + 17 - 17. Suppose -16*m + 15*m + 36 = s. What is the highest common divisor of m and 24?
12
Let x(o) = -o**2 + 29*o + 25. Let f be x(27). What is the highest common factor of 474 and f?
79
Let k(x) = -x**3 - 4*x**2 + 7*x - 6. Let d(l) = -l - 13. Let o be d(-7). Let s be k(o). Calculate the greatest common divisor of s and 216.
24
Suppose 11*t - 13 = 218. What is the highest common factor of t and 133?
7
Let l(d) = d - 4. Let b be l(6). Suppose 3 + 6 = h - 4*p, -h - b*p + 27 = 0. What is the highest common divisor of h and 7?
7
Suppose 710 + 190 = 6*a. Calculate the greatest common factor of a and 5.
5
Let t = 122 + -86. What is the greatest common divisor of t and 468?
36
Let t be (-3 + (-30)/(-9))/(1/3). Let n = -38 - -20. Let d be ((-315)/n)/(t/6). Calculate the highest common factor of 15 and d.
15
Suppose 0 = -3*f - v + 1650, -22*v + 24*v = 3*f - 1659. What is the highest common factor of 29 and f?
29
Suppose -234 = 5*a + 4*t, -5*t - 38 = a - 2*t. Let q = -38 - a. Calculate the highest common factor of q and 30.
6
Suppose 40 = 82*c - 77*c. What is the greatest common divisor of 8 and c?
8
Suppose 2*h = -p + 171 - 41, -5*h + p = -318. Suppose -10 = 14*n - 16*n. Suppose n*v = -4 + 44. What is the greatest common factor of v and h?
8
Let w(a) = a**2 + 8*a + 9. Let j be w(-7). Let d = j + 23. Suppose -5*m = -3*n - 25, -5*m - 2*n = -0*m - d. What is the greatest common divisor of 20 and m?
5
Let o(c) = -c**3 + 10*c**2 - 15*c - 20. Let l be o(6). Calculate the greatest common divisor of 7 and l.
1
Suppose 65 = 5*m + 5*j, -6*m = -3*m - j - 19. Let h be 5/(-1)*(-4 + 0). What is the greatest common factor of h and m?
4
Let o = 696 + -694. Let d(x) = -x**2 + 6*x - 6. Let l be d(4). What is the highest common divisor of o and l?
2
Suppose -10 = 3*m - 8*m. Let k be m + 9 - (-2 - -1). Suppose -2*d + 4*i = -80, -2*d - 4*i + 33 + 31 = 0. What is the greatest common divisor of k and d?
12
Let x(o) = 8*o**2 + 166*o + 73. Let v be x(-21). Calculate the highest common divisor of 184 and v.
23
Let q(v) = -v**3 + 10*v**2 - v - 60. Let x be q(9). Calculate the highest common divisor of 18 and x.
6
Let a be 4/(-12) - 24/9. Let b be (-8)/(1/6*a). What is the highest common factor of b and 96?
16
Let h = -30 - -18. Let s be (-4 - -2)/1 - h. Calculate the greatest common divisor of s and 210.
10
Let g be ((-2)/3)/((-10)/(-75)). Let j(n) = -n - 2. Let s be j(g). Suppose -3 = -s*l, 44 = d + 2*l - 0. Calculate the highest common divisor of d and 6.
6
Let y(g) = 5*g**3 - 5*g**2 + 4*g. Let q be y(2). What is the highest common factor of 77 and q?
7
Let x be (-20)/(-15) - 10/(-12)*-4. Let c be (340/(-17))/(-2 + 0/x). What is the highest common divisor of 110 and c?
10
Let a be -7*(6 - 225/35). Suppose -42 = 2*j - 4*j. Calculate the greatest common diviso